{"id":68,"date":"2021-06-24T16:17:05","date_gmt":"2021-06-24T14:17:05","guid":{"rendered":"https:\/\/lyon-academie.com\/salon-1\/?page_id=68"},"modified":"2021-06-24T16:17:05","modified_gmt":"2021-06-24T14:17:05","slug":"fonctionnement","status":"publish","type":"page","link":"https:\/\/lyon-academie.com\/salon-4\/fonctionnement\/","title":{"rendered":"Fonctionnement"},"content":{"rendered":"     <div id=\"accordion-block_60d493b8daae4\" class=\"accordion accordion-ihg\">\r\n           <div class=\"accordion-item\">\r\n        <h2 class=\"accordion-header\" id=\"heading-0--accordion-block_60d493b8daae4\">\r\n          <button class=\"accordion-button collapsed\" data-bs-toggle=\"collapse\" data-bs-target=\"#collapse-0--accordion-block_60d493b8daae4\" aria-expanded=\"false\" aria-controls=\"collapse-0--accordion-block_60d493b8daae4\">\r\n            T\u00e9l\u00e9phone          <\/button>\r\n        <\/h2>\r\n        <div id=\"collapse-0--accordion-block_60d493b8daae4\" class=\"accordion-collapse collapse\" aria-labelledby=\"heading-0--accordion-block_60d493b8daae4\" data-bs-parent=\"#accordion-block_60d493b8daae4\">\r\n          <div class=\"accordion-body\">\r\n            <p style=\"text-align: center;\">Un t\u00e9l\u00e9phone est \u00e0 votre disposition pour nous contacter.<\/p>\n<p style=\"text-align: center;\">Il suffit de d\u00e9crocher et de composer le num\u00e9ro de votre interlocuteur.<\/p>\n<p>&nbsp;<\/p>\n<p style=\"text-align: center;\"><strong>Guillaume Gaudry<br \/>\n<\/strong>3312<\/p>\n<p style=\"text-align: center;\"><strong>Marina Welsch<br \/>\n<\/strong>3318<\/p>\n          <\/div>\r\n        <\/div>\r\n      <\/div>\r\n                <div class=\"accordion-item\">\r\n        <h2 class=\"accordion-header\" id=\"heading-1--accordion-block_60d493b8daae4\">\r\n          <button class=\"accordion-button collapsed\" data-bs-toggle=\"collapse\" data-bs-target=\"#collapse-1--accordion-block_60d493b8daae4\" aria-expanded=\"false\" aria-controls=\"collapse-1--accordion-block_60d493b8daae4\">\r\n            Air conditionn\u00e9          <\/button>\r\n        <\/h2>\r\n        <div id=\"collapse-1--accordion-block_60d493b8daae4\" class=\"accordion-collapse collapse\" aria-labelledby=\"heading-1--accordion-block_60d493b8daae4\" data-bs-parent=\"#accordion-block_60d493b8daae4\">\r\n          <div class=\"accordion-body\">\r\n            <p style=\"text-align: center;\">\u00c0 l&rsquo;exception du rez-de-chauss\u00e9e, une <strong>t\u00e9l\u00e9commande noire<\/strong> se trouve \u00e0 cot\u00e9 de l&rsquo;entr\u00e9e de votre salon.<\/p>\n          <\/div>\r\n        <\/div>\r\n      <\/div>\r\n                <div class=\"accordion-item\">\r\n        <h2 class=\"accordion-header\" id=\"heading-2--accordion-block_60d493b8daae4\">\r\n          <button class=\"accordion-button collapsed\" data-bs-toggle=\"collapse\" data-bs-target=\"#collapse-2--accordion-block_60d493b8daae4\" aria-expanded=\"false\" aria-controls=\"collapse-2--accordion-block_60d493b8daae4\">\r\n            Lumi\u00e8re          <\/button>\r\n        <\/h2>\r\n        <div id=\"collapse-2--accordion-block_60d493b8daae4\" class=\"accordion-collapse collapse\" aria-labelledby=\"heading-2--accordion-block_60d493b8daae4\" data-bs-parent=\"#accordion-block_60d493b8daae4\">\r\n          <div class=\"accordion-body\">\r\n            <p style=\"text-align: center;\">Une <strong>tablette tactile<\/strong> se trouve \u00e0 l&rsquo;entr\u00e9e de votre salon.<\/p>\n<p style=\"text-align: center;\">En glissant votre doigt, vous disposez de deux pages:<\/p>\n<p style=\"text-align: center;\"><em>Des sc\u00e9narii d\u00e9j\u00e0 \u00e9tablis<br \/>\n<\/em><em>Chaque \u00e9l\u00e9ment est dimmable<\/em><\/p>\n<p style=\"text-align: center;\">Il vous suffit de faire votre choix en appuyant sur le sc\u00e9nario choisi.<\/p>\n          <\/div>\r\n        <\/div>\r\n      <\/div>\r\n                <div class=\"accordion-item\">\r\n        <h2 class=\"accordion-header\" id=\"heading-3--accordion-block_60d493b8daae4\">\r\n          <button class=\"accordion-button collapsed\" data-bs-toggle=\"collapse\" data-bs-target=\"#collapse-3--accordion-block_60d493b8daae4\" aria-expanded=\"false\" aria-controls=\"collapse-3--accordion-block_60d493b8daae4\">\r\n            Son          <\/button>\r\n        <\/h2>\r\n        <div id=\"collapse-3--accordion-block_60d493b8daae4\" class=\"accordion-collapse collapse\" aria-labelledby=\"heading-3--accordion-block_60d493b8daae4\" data-bs-parent=\"#accordion-block_60d493b8daae4\">\r\n          <div class=\"accordion-body\">\r\n            <p style=\"text-align: center;\">Un <strong>c\u00e2ble jack<\/strong> est \u00e0 votre disposition \u00e0 cot\u00e9 du c\u00e2ble HDMI. Il vous suffit de brancher ce c\u00e2ble dans la prise casque de votre ordinateur. Si vous constatez que le son sort sur le vid\u00e9oprojecteur, il vous suffit de changer la source du son et s\u00e9lectionner votre casque :<\/p>\n<p style=\"text-align: center;\"><em>Cliquez sur l&rsquo;ic\u00f4ne de volume dans la barre des t\u00e2ches.<\/em><\/p>\n<p style=\"text-align: center;\"><em>Cliquez sur la petite fl\u00e8che \u00e0 c\u00f4t\u00e9 du p\u00e9riph\u00e9rique actuellement activ\u00e9.<\/em><\/p>\n<p style=\"text-align: center;\"><em>Cliquez sur le p\u00e9riph\u00e9rique de lecture \u00e0 utiliser.<\/em><\/p>\n<p style=\"text-align: center;\"><em>Le son bascule alors automatiquement sur le second p\u00e9riph\u00e9rique. Vous pouvez ajuster son volume sonore avec la barre affich\u00e9e.<\/em><\/p>\n          <\/div>\r\n        <\/div>\r\n      <\/div>\r\n                <div class=\"accordion-item\">\r\n        <h2 class=\"accordion-header\" id=\"heading-4--accordion-block_60d493b8daae4\">\r\n          <button class=\"accordion-button collapsed\" data-bs-toggle=\"collapse\" data-bs-target=\"#collapse-4--accordion-block_60d493b8daae4\" aria-expanded=\"false\" aria-controls=\"collapse-4--accordion-block_60d493b8daae4\">\r\n            E-Board Samsung Flip          <\/button>\r\n        <\/h2>\r\n        <div id=\"collapse-4--accordion-block_60d493b8daae4\" class=\"accordion-collapse collapse\" aria-labelledby=\"heading-4--accordion-block_60d493b8daae4\" data-bs-parent=\"#accordion-block_60d493b8daae4\">\r\n          <div class=\"accordion-body\">\r\n            <div class=\"feature-benefit__text-wrap \">\n<div class=\"feature-benefit__text\">\n<div class=\"feature-benefit__desc-wrap\">\n<p class=\"feature-benefit__desc\" style=\"text-align: center;\">Un document Word, PowerPoint ou PDF, un tableau Excel ou une vid\u00e9o&#8230; Pr\u00e9sentez tout type de document directement sur le Flip. Annotez, redimensionnez ou d\u00e9placez les \u00e9l\u00e9ments s\u00e9lectionn\u00e9s avec la fonction capture.<\/p>\n<p class=\"feature-benefit__desc\" style=\"text-align: center;\">La technologie tactile garantit une exp\u00e9rience d&rsquo;\u00e9criture sans d\u00e9lai. Cr\u00e9ez, dessinez et modifiez vos id\u00e9es avec un stylet ou votre doigt.\u00a0Ecrivez par-dessus une source en ajoutant un calque sur l\u2019\u00e9cran. Sur l&rsquo;\u00e9cran, jusqu\u2019\u00e0 4 utilisateurs peuvent ainsi collaborer et profiter d\u2019une \u00e9criture fluide, aussi naturelle qu\u2019une \u00e9criture \u00e0 la main. Une erreur ? Effacez-la simplement avec votre main.<\/p>\n<\/div>\n<\/div>\n<\/div>\n<div class=\"feature-benefit__text-wrap \">\n<div class=\"feature-benefit__text\">\n<div class=\"feature-benefit__text-wrap \">\n<div class=\"feature-benefit__text\">\n<div class=\"feature-benefit__desc-wrap\" style=\"text-align: center;\">\n<p>Diffusez simplement et sans fil le contenu de votre mobile ou PC sur le Samsung Flip. Partagez votre pr\u00e9sentation en temps r\u00e9el sur un plus grand \u00e9cran gr\u00e2ce \u00e0 la connectivit\u00e9 video-out HDMI ou WiFi.<\/p>\n<\/div>\n<p style=\"text-align: center;\">A la fin de votre r\u00e9union, envoyez rapidement les notes \u00e0 vos coll\u00e8gues. Et si vos \u00e9l\u00e9ments sont confidentiels, sauvegardez et prot\u00e9gez-les par un mot de passe.<\/p>\n<\/div>\n<\/div>\n<\/div>\n<\/div>\n          <\/div>\r\n        <\/div>\r\n      <\/div>\r\n            <\/div>\r\n\n\n\n<div style=\"height:29px\" aria-hidden=\"true\" class=\"wp-block-spacer\"><\/div>\n\n\n\n<p class=\"has-text-align-center\">Pour toute assistance, nous restons a votre disposition au <strong>04 26 99 24 00<\/strong><\/p>\n\n\n\n<div style=\"height:30px\" aria-hidden=\"true\" class=\"wp-block-spacer\"><\/div>\n","protected":false},"excerpt":{"rendered":"<p>Pour toute assistance, nous restons a votre disposition au 04 26 99 24 00<\/p>\n","protected":false},"author":1,"featured_media":171,"parent":0,"menu_order":0,"comment_status":"closed","ping_status":"closed","template":"","meta":{"footnotes":""},"_links":{"self":[{"href":"https:\/\/lyon-academie.com\/salon-4\/wp-json\/wp\/v2\/pages\/68"}],"collection":[{"href":"https:\/\/lyon-academie.com\/salon-4\/wp-json\/wp\/v2\/pages"}],"about":[{"href":"https:\/\/lyon-academie.com\/salon-4\/wp-json\/wp\/v2\/types\/page"}],"author":[{"embeddable":true,"href":"https:\/\/lyon-academie.com\/salon-4\/wp-json\/wp\/v2\/users\/1"}],"replies":[{"embeddable":true,"href":"https:\/\/lyon-academie.com\/salon-4\/wp-json\/wp\/v2\/comments?post=68"}],"version-history":[{"count":0,"href":"https:\/\/lyon-academie.com\/salon-4\/wp-json\/wp\/v2\/pages\/68\/revisions"}],"wp:featuredmedia":[{"embeddable":true,"href":"https:\/\/lyon-academie.com\/salon-4\/wp-json\/"}],"wp:attachment":[{"href":"https:\/\/lyon-academie.com\/salon-4\/wp-json\/wp\/v2\/media?parent=68"}],"curies":[{"name":"wp","href":"https:\/\/api.w.org\/{rel}","templated":true}]}}